{"id":1620,"date":"2025-07-22T12:45:17","date_gmt":"2025-07-22T12:45:17","guid":{"rendered":"https:\/\/www.idfelec.fr\/?page_id=1620"},"modified":"2025-07-23T10:03:13","modified_gmt":"2025-07-23T10:03:13","slug":"devis-en-ligne","status":"publish","type":"page","link":"https:\/\/www.idfelec.fr\/index.php\/devis-en-ligne\/","title":{"rendered":"Demande de Devis"},"content":{"rendered":"\t\t<div data-elementor-type=\"wp-page\" data-elementor-id=\"1620\" class=\"elementor elementor-1620\">\n\t\t\t\t<div class=\"elementor-element elementor-element-38fd6823 e-flex e-con-boxed e-con e-parent\" data-id=\"38fd6823\" data-element_type=\"container\">\n\t\t\t\t\t<div class=\"e-con-inner\">\n\t\t\t\t<div class=\"elementor-element elementor-element-2da4b383 elementor-widget elementor-widget-text-editor\" data-id=\"2da4b383\" data-element_type=\"widget\" data-widget_type=\"text-editor.default\">\n\t\t\t\t\t\t\t\t\t\n<h2 class=\"wp-block-heading\">Vous avez un projet ?<\/h2>\n\n<h3 class=\"wp-block-heading\">Votre devis en ligne gratuit.<\/h3>\n\n<p><strong>Remplissez ce formulaire, nos experts vous apporteront une r\u00e9ponse rapidement.<\/strong><\/p>\n\t\t\t\t\t\t\t\t<\/div>\n\t\t\t\t\t<\/div>\n\t\t\t\t<\/div>\n\t\t<div class=\"elementor-element elementor-element-9a27474 e-flex e-con-boxed e-con e-parent\" data-id=\"9a27474\" data-element_type=\"container\">\n\t\t\t\t\t<div class=\"e-con-inner\">\n\t\t\t\t<div class=\"elementor-element elementor-element-184cb8f elementor-widget elementor-widget-wpforms\" data-id=\"184cb8f\" data-element_type=\"widget\" data-widget_type=\"wpforms.default\">\n\t\t\t\t<div class=\"elementor-widget-container\">\n\t\t\t\t\t<div class=\"wpforms-container wpforms-container-full wpforms-block wpforms-block-d9dda29d-0c5c-49b7-8db3-23e67c9e2aec wpforms-render-modern\" id=\"wpforms-1547\"><form id=\"wpforms-form-1547\" class=\"wpforms-validate wpforms-form wpforms-ajax-form\" data-formid=\"1547\" method=\"post\" enctype=\"multipart\/form-data\" action=\"\/index.php\/wp-json\/wp\/v2\/pages\/1620\" data-token=\"4c7bd700f6907ce4bbfc708b26b1cd26\" data-token-time=\"1775321260\"><noscript class=\"wpforms-error-noscript\">Veuillez activer JavaScript dans votre navigateur pour remplir ce formulaire.<\/noscript><div id=\"wpforms-error-noscript\" style=\"display: none;\">Veuillez activer JavaScript dans votre navigateur pour remplir ce formulaire.<\/div><div class=\"wpforms-field-container\"><div id=\"wpforms-1547-field_1-container\" class=\"wpforms-field wpforms-field-name\" data-field-id=\"1\"><fieldset><legend class=\"wpforms-field-label\">Nom et Pr\u00e9nom <span class=\"wpforms-required-label\" aria-hidden=\"true\">*<\/span><\/legend><div class=\"wpforms-field-row wpforms-field-medium\"><div class=\"wpforms-field-row-block wpforms-first wpforms-one-half\"><input type=\"text\" id=\"wpforms-1547-field_1\" class=\"wpforms-field-name-first wpforms-field-required\" name=\"wpforms[fields][1][first]\" aria-errormessage=\"wpforms-1547-field_1-error\" required><label for=\"wpforms-1547-field_1\" class=\"wpforms-field-sublabel after\">Pr\u00e9nom<\/label><\/div><div class=\"wpforms-field-row-block wpforms-one-half\"><input type=\"text\" id=\"wpforms-1547-field_1-last\" class=\"wpforms-field-name-last wpforms-field-required\" name=\"wpforms[fields][1][last]\" aria-errormessage=\"wpforms-1547-field_1-last-error\" required><label for=\"wpforms-1547-field_1-last\" class=\"wpforms-field-sublabel after\">Nom<\/label><\/div><\/div><\/fieldset><\/div><div id=\"wpforms-1547-field_4-container\" class=\"wpforms-field wpforms-field-text\" data-field-id=\"4\"><label class=\"wpforms-field-label\" for=\"wpforms-1547-field_4\">Soci\u00e9t\u00e9 :<\/label><input type=\"text\" id=\"wpforms-1547-field_4\" class=\"wpforms-field-small\" name=\"wpforms[fields][4]\" aria-errormessage=\"wpforms-1547-field_4-error\" ><\/div><div id=\"wpforms-1547-field_5-container\" class=\"wpforms-field wpforms-field-text\" data-field-id=\"5\"><label class=\"wpforms-field-label\" for=\"wpforms-1547-field_5\">T\u00e9l\u00e9phone : <span class=\"wpforms-required-label\" aria-hidden=\"true\">*<\/span><\/label><input type=\"text\" id=\"wpforms-1547-field_5\" class=\"wpforms-field-small wpforms-field-required\" name=\"wpforms[fields][5]\" aria-errormessage=\"wpforms-1547-field_5-error\" required><\/div><div id=\"wpforms-1547-field_2-container\" class=\"wpforms-field wpforms-field-email\" data-field-id=\"2\"><label class=\"wpforms-field-label\" for=\"wpforms-1547-field_2\">E-mail : <span class=\"wpforms-required-label\" aria-hidden=\"true\">*<\/span><\/label><input type=\"email\" id=\"wpforms-1547-field_2\" class=\"wpforms-field-small wpforms-field-required\" name=\"wpforms[fields][2]\" spellcheck=\"false\" aria-errormessage=\"wpforms-1547-field_2-error\" required><\/div><div id=\"wpforms-1547-field_7-container\" class=\"wpforms-field wpforms-field-select wpforms-field-select-style-classic\" data-field-id=\"7\"><label class=\"wpforms-field-label\" for=\"wpforms-1547-field_7\">Pour quel type de bien ? <span class=\"wpforms-required-label\" aria-hidden=\"true\">*<\/span><\/label><select id=\"wpforms-1547-field_7\" class=\"wpforms-field-medium wpforms-field-required\" name=\"wpforms[fields][7]\" required=\"required\"><option value=\"\" class=\"placeholder\" disabled  selected='selected'>--- S\u00e9lectionner un choix ---<\/option><option value=\"Appartement\"  class=\"choice-10 depth-1\"  >Appartement<\/option><option value=\"Maison \/ Villa\"  class=\"choice-2 depth-1\"  >Maison \/ Villa<\/option><option value=\"Bureaux\"  class=\"choice-3 depth-1\"  >Bureaux<\/option><option value=\"Commerce\"  class=\"choice-7 depth-1\"  >Commerce<\/option><option value=\"Centre commercial\"  class=\"choice-6 depth-1\"  >Centre commercial<\/option><option value=\"Entr\u00eapot \/ Usine\"  class=\"choice-5 depth-1\"  >Entr\u00eapot \/ Usine<\/option><option value=\"Caf\u00e9 \/ Hotel \/ Restaurant\"  class=\"choice-9 depth-1\"  >Caf\u00e9 \/ Hotel \/ Restaurant<\/option><option value=\"Parking\"  class=\"choice-8 depth-1\"  >Parking<\/option><option value=\"Autre\"  class=\"choice-4 depth-1\"  >Autre<\/option><\/select><\/div><div id=\"wpforms-1547-field_6-container\" class=\"wpforms-field wpforms-field-select wpforms-field-select-style-classic\" data-field-id=\"6\"><label class=\"wpforms-field-label\" for=\"wpforms-1547-field_6\">Quels prestation souhaitez-vous ? <span class=\"wpforms-required-label\" aria-hidden=\"true\">*<\/span><\/label><select id=\"wpforms-1547-field_6\" class=\"wpforms-field-medium wpforms-field-required\" name=\"wpforms[fields][6]\" required=\"required\"><option value=\"\" class=\"placeholder\" disabled  selected='selected'>--- S\u00e9lectionner un choix ---<\/option><option value=\"\u00c9LECTRICIT\u00c9 G\u00c9N\u00c9RALE\"  class=\"choice-2 depth-1\"  >\u00c9LECTRICIT\u00c9 G\u00c9N\u00c9RALE<\/option><option value=\"VID\u00c9O SURVEILLANCE\"  class=\"choice-3 depth-1\"  >VID\u00c9O SURVEILLANCE<\/option><option value=\"ALARME ANTI-INTRUSION\"  class=\"choice-4 depth-1\"  >ALARME ANTI-INTRUSION<\/option><option value=\"CONTR\u00d4LE D\u2019ACC\u00c8S\"  class=\"choice-5 depth-1\"  >CONTR\u00d4LE D\u2019ACC\u00c8S<\/option><option value=\"ALARME INCENDIE\"  class=\"choice-6 depth-1\"  >ALARME INCENDIE<\/option><option value=\"R\u00c9SEAU\"  class=\"choice-7 depth-1\"  >R\u00c9SEAU<\/option><option value=\"INTERPHONIE\"  class=\"choice-9 depth-1\"  >INTERPHONIE<\/option><option value=\"CLIMATISATION\"  class=\"choice-11 depth-1\"  >CLIMATISATION<\/option><option value=\"VMC (ventilation)\"  class=\"choice-8 depth-1\"  >VMC (ventilation)<\/option><option value=\"BORNE DE RECHARGE\"  class=\"choice-10 depth-1\"  >BORNE DE RECHARGE<\/option><option value=\"MAINTENANCE\"  class=\"choice-12 depth-1\"  >MAINTENANCE<\/option><\/select><\/div>\t\t<div id=\"wpforms-1547-field_8-container\"\n\t\t\tclass=\"wpforms-field wpforms-field-text\"\n\t\t\tdata-field-type=\"text\"\n\t\t\tdata-field-id=\"8\"\n\t\t\t>\n\t\t\t<label class=\"wpforms-field-label\" for=\"wpforms-1547-field_8\" >Pr\u00e9nom ? Soci\u00e9t\u00e9<\/label>\n\t\t\t<input type=\"text\" id=\"wpforms-1547-field_8\" class=\"wpforms-field-medium\" name=\"wpforms[fields][8]\" >\n\t\t<\/div>\n\t\t<div id=\"wpforms-1547-field_3-container\" class=\"wpforms-field wpforms-field-textarea\" data-field-id=\"3\"><label class=\"wpforms-field-label\" for=\"wpforms-1547-field_3\">Message : <span class=\"wpforms-required-label\" aria-hidden=\"true\">*<\/span><\/label><textarea id=\"wpforms-1547-field_3\" class=\"wpforms-field-medium wpforms-field-required\" name=\"wpforms[fields][3]\" aria-errormessage=\"wpforms-1547-field_3-error\" aria-describedby=\"wpforms-1547-field_3-description\" required><\/textarea><div id=\"wpforms-1547-field_3-description\" class=\"wpforms-field-description\">IDF ELEC s'engage \u00e0 ce que la collecte et le traitement de vos donn\u00e9es, effectu\u00e9s \u00e0 partir de notre site elec-secur.com, soient conformes au r\u00e8glement g\u00e9n\u00e9ral sur la protection des donn\u00e9es (RGPD) et \u00e0 la loi Informatique et Libert\u00e9s. Pour conna\u00eetre et exercer vos droits, notamment de retrait de votre consentement \u00e0 l'utilisation des donn\u00e9es collect\u00e9es par ce formulaire, ou \u00e0 vous inscrire sur la liste d'opposition au d\u00e9marchage t\u00e9l\u00e9phonique, veuillez consulter notre politique de confidentialit\u00e9.<\/div><\/div><script>\n\t\t\t\t( function() {\n\t\t\t\t\tconst style = document.createElement( 'style' );\n\t\t\t\t\tstyle.appendChild( document.createTextNode( '#wpforms-1547-field_8-container { position: absolute !important; overflow: hidden !important; display: inline !important; height: 1px !important; width: 1px !important; z-index: -1000 !important; padding: 0 !important; } #wpforms-1547-field_8-container input { visibility: hidden; } #wpforms-conversational-form-page #wpforms-1547-field_8-container label { counter-increment: none; }' ) );\n\t\t\t\t\tdocument.head.appendChild( style );\n\t\t\t\t\tdocument.currentScript?.remove();\n\t\t\t\t} )();\n\t\t\t<\/script><\/div><!-- .wpforms-field-container --><div class=\"wpforms-submit-container\" ><input type=\"hidden\" name=\"wpforms[id]\" value=\"1547\"><input type=\"hidden\" name=\"page_title\" value=\"\"><input type=\"hidden\" name=\"page_url\" value=\"https:\/\/www.idfelec.fr\/index.php\/wp-json\/wp\/v2\/pages\/1620\"><input type=\"hidden\" name=\"url_referer\" value=\"\"><button type=\"submit\" name=\"wpforms[submit]\" id=\"wpforms-submit-1547\" class=\"wpforms-submit\" data-alt-text=\"Envoi...\" data-submit-text=\"Envoyer\" aria-live=\"assertive\" value=\"wpforms-submit\">Envoyer<\/button><img decoding=\"async\" src=\"https:\/\/www.idfelec.fr\/wp-content\/plugins\/wpforms-lite\/assets\/images\/submit-spin.svg\" class=\"wpforms-submit-spinner\" style=\"display: none;\" width=\"26\" height=\"26\" alt=\"Chargement en cours\"><\/div><\/form><\/div>  <!-- .wpforms-container -->\t\t\t\t<\/div>\n\t\t\t\t<\/div>\n\t\t\t\t\t<\/div>\n\t\t\t\t<\/div>\n\t\t\t\t<\/div>\n\t\t","protected":false},"excerpt":{"rendered":"<p>Vous avez un projet ? Votre devis en ligne gratuit. Remplissez ce formulaire, nos experts vous apporteront une r\u00e9ponse rapidement. Veuillez activer JavaScript dans votre navigateur pour remplir ce formulaire.Veuillez &#8230;<\/p>\n","protected":false},"author":1,"featured_media":0,"parent":0,"menu_order":0,"comment_status":"closed","ping_status":"closed","template":"","meta":{"footnotes":""},"class_list":["post-1620","page","type-page","status-publish","hentry"],"yoast_head":"<!-- This site is optimized with the Yoast SEO plugin v27.2 - https:\/\/yoast.com\/product\/yoast-seo-wordpress\/ -->\n<title>Demande de Devis - IDF ELEC - Electricien | Oise | Somme, Val-d&#039;Oise, \u00cele-de-France - Vos projets sont aussi les n\u00f4tres !<\/title>\n<meta name=\"robots\" content=\"index, follow, max-snippet:-1, max-image-preview:large, max-video-preview:-1\" \/>\n<link rel=\"canonical\" href=\"https:\/\/www.idfelec.fr\/index.php\/devis-en-ligne\/\" \/>\n<meta property=\"og:locale\" content=\"fr_FR\" \/>\n<meta property=\"og:type\" content=\"article\" \/>\n<meta property=\"og:title\" content=\"Demande de Devis - IDF ELEC - Electricien | Oise | Somme, Val-d&#039;Oise, \u00cele-de-France - Vos projets sont aussi les n\u00f4tres !\" \/>\n<meta property=\"og:description\" content=\"Vous avez un projet ? Votre devis en ligne gratuit. Remplissez ce formulaire, nos experts vous apporteront une r\u00e9ponse rapidement. Veuillez activer JavaScript dans votre navigateur pour remplir ce formulaire.Veuillez ...\" \/>\n<meta property=\"og:url\" content=\"https:\/\/www.idfelec.fr\/index.php\/devis-en-ligne\/\" \/>\n<meta property=\"og:site_name\" content=\"IDF ELEC - Electricien | Oise | Somme, Val-d&#039;Oise, \u00cele-de-France - Vos projets sont aussi les n\u00f4tres !\" \/>\n<meta property=\"article:publisher\" content=\"https:\/\/www.instagram.com\/idfelec\/\" \/>\n<meta property=\"article:modified_time\" content=\"2025-07-23T10:03:13+00:00\" \/>\n<meta property=\"og:image\" content=\"https:\/\/www.idfelec.fr\/wp-content\/plugins\/wpforms-lite\/assets\/images\/submit-spin.svg\" \/>\n<meta name=\"twitter:card\" content=\"summary_large_image\" \/>\n<meta name=\"twitter:label1\" content=\"Dur\u00e9e de lecture estim\u00e9e\" \/>\n\t<meta name=\"twitter:data1\" content=\"1 minute\" \/>\n<script type=\"application\/ld+json\" class=\"yoast-schema-graph\">{\"@context\":\"https:\/\/schema.org\",\"@graph\":[{\"@type\":\"WebPage\",\"@id\":\"https:\/\/www.idfelec.fr\/index.php\/devis-en-ligne\/\",\"url\":\"https:\/\/www.idfelec.fr\/index.php\/devis-en-ligne\/\",\"name\":\"Demande de Devis - IDF ELEC - Electricien | Oise | Somme, Val-d&#039;Oise, \u00cele-de-France - Vos projets sont aussi les n\u00f4tres !\",\"isPartOf\":{\"@id\":\"https:\/\/www.idfelec.fr\/#website\"},\"primaryImageOfPage\":{\"@id\":\"https:\/\/www.idfelec.fr\/index.php\/devis-en-ligne\/#primaryimage\"},\"image\":{\"@id\":\"https:\/\/www.idfelec.fr\/index.php\/devis-en-ligne\/#primaryimage\"},\"thumbnailUrl\":\"https:\/\/www.idfelec.fr\/wp-content\/plugins\/wpforms-lite\/assets\/images\/submit-spin.svg\",\"datePublished\":\"2025-07-22T12:45:17+00:00\",\"dateModified\":\"2025-07-23T10:03:13+00:00\",\"breadcrumb\":{\"@id\":\"https:\/\/www.idfelec.fr\/index.php\/devis-en-ligne\/#breadcrumb\"},\"inLanguage\":\"fr-FR\",\"potentialAction\":[{\"@type\":\"ReadAction\",\"target\":[\"https:\/\/www.idfelec.fr\/index.php\/devis-en-ligne\/\"]}]},{\"@type\":\"ImageObject\",\"inLanguage\":\"fr-FR\",\"@id\":\"https:\/\/www.idfelec.fr\/index.php\/devis-en-ligne\/#primaryimage\",\"url\":\"https:\/\/www.idfelec.fr\/wp-content\/plugins\/wpforms-lite\/assets\/images\/submit-spin.svg\",\"contentUrl\":\"https:\/\/www.idfelec.fr\/wp-content\/plugins\/wpforms-lite\/assets\/images\/submit-spin.svg\"},{\"@type\":\"BreadcrumbList\",\"@id\":\"https:\/\/www.idfelec.fr\/index.php\/devis-en-ligne\/#breadcrumb\",\"itemListElement\":[{\"@type\":\"ListItem\",\"position\":1,\"name\":\"Accueil\",\"item\":\"https:\/\/www.idfelec.fr\/\"},{\"@type\":\"ListItem\",\"position\":2,\"name\":\"Demande de Devis\"}]},{\"@type\":\"WebSite\",\"@id\":\"https:\/\/www.idfelec.fr\/#website\",\"url\":\"https:\/\/www.idfelec.fr\/\",\"name\":\"IDF ELEC - Electricien | Oise | Somme, Val-d'Oise, \u00cele-de-France\",\"description\":\"Vos projets sont aussi les n\u00f4tres !\",\"publisher\":{\"@id\":\"https:\/\/www.idfelec.fr\/#organization\"},\"potentialAction\":[{\"@type\":\"SearchAction\",\"target\":{\"@type\":\"EntryPoint\",\"urlTemplate\":\"https:\/\/www.idfelec.fr\/?s={search_term_string}\"},\"query-input\":{\"@type\":\"PropertyValueSpecification\",\"valueRequired\":true,\"valueName\":\"search_term_string\"}}],\"inLanguage\":\"fr-FR\"},{\"@type\":\"Organization\",\"@id\":\"https:\/\/www.idfelec.fr\/#organization\",\"name\":\"IDF ELEC - Electricien | Oise | Somme, Val-d'Oise, \u00cele-de-France\",\"url\":\"https:\/\/www.idfelec.fr\/\",\"logo\":{\"@type\":\"ImageObject\",\"inLanguage\":\"fr-FR\",\"@id\":\"https:\/\/www.idfelec.fr\/#\/schema\/logo\/image\/\",\"url\":\"https:\/\/www.idfelec.fr\/wp-content\/uploads\/2026\/03\/cropped-idf-elec.png\",\"contentUrl\":\"https:\/\/www.idfelec.fr\/wp-content\/uploads\/2026\/03\/cropped-idf-elec.png\",\"width\":681,\"height\":115,\"caption\":\"IDF ELEC - Electricien | Oise | Somme, Val-d'Oise, \u00cele-de-France\"},\"image\":{\"@id\":\"https:\/\/www.idfelec.fr\/#\/schema\/logo\/image\/\"},\"sameAs\":[\"https:\/\/www.instagram.com\/idfelec\/\"]}]}<\/script>\n<!-- \/ Yoast SEO plugin. -->","yoast_head_json":{"title":"Demande de Devis - IDF ELEC - Electricien | Oise | Somme, Val-d&#039;Oise, \u00cele-de-France - Vos projets sont aussi les n\u00f4tres !","robots":{"index":"index","follow":"follow","max-snippet":"max-snippet:-1","max-image-preview":"max-image-preview:large","max-video-preview":"max-video-preview:-1"},"canonical":"https:\/\/www.idfelec.fr\/index.php\/devis-en-ligne\/","og_locale":"fr_FR","og_type":"article","og_title":"Demande de Devis - IDF ELEC - Electricien | Oise | Somme, Val-d&#039;Oise, \u00cele-de-France - Vos projets sont aussi les n\u00f4tres !","og_description":"Vous avez un projet ? Votre devis en ligne gratuit. Remplissez ce formulaire, nos experts vous apporteront une r\u00e9ponse rapidement. Veuillez activer JavaScript dans votre navigateur pour remplir ce formulaire.Veuillez ...","og_url":"https:\/\/www.idfelec.fr\/index.php\/devis-en-ligne\/","og_site_name":"IDF ELEC - Electricien | Oise | Somme, Val-d&#039;Oise, \u00cele-de-France - Vos projets sont aussi les n\u00f4tres !","article_publisher":"https:\/\/www.instagram.com\/idfelec\/","article_modified_time":"2025-07-23T10:03:13+00:00","og_image":[{"url":"https:\/\/www.idfelec.fr\/wp-content\/plugins\/wpforms-lite\/assets\/images\/submit-spin.svg","type":"","width":"","height":""}],"twitter_card":"summary_large_image","twitter_misc":{"Dur\u00e9e de lecture estim\u00e9e":"1 minute"},"schema":{"@context":"https:\/\/schema.org","@graph":[{"@type":"WebPage","@id":"https:\/\/www.idfelec.fr\/index.php\/devis-en-ligne\/","url":"https:\/\/www.idfelec.fr\/index.php\/devis-en-ligne\/","name":"Demande de Devis - IDF ELEC - Electricien | Oise | Somme, Val-d&#039;Oise, \u00cele-de-France - Vos projets sont aussi les n\u00f4tres !","isPartOf":{"@id":"https:\/\/www.idfelec.fr\/#website"},"primaryImageOfPage":{"@id":"https:\/\/www.idfelec.fr\/index.php\/devis-en-ligne\/#primaryimage"},"image":{"@id":"https:\/\/www.idfelec.fr\/index.php\/devis-en-ligne\/#primaryimage"},"thumbnailUrl":"https:\/\/www.idfelec.fr\/wp-content\/plugins\/wpforms-lite\/assets\/images\/submit-spin.svg","datePublished":"2025-07-22T12:45:17+00:00","dateModified":"2025-07-23T10:03:13+00:00","breadcrumb":{"@id":"https:\/\/www.idfelec.fr\/index.php\/devis-en-ligne\/#breadcrumb"},"inLanguage":"fr-FR","potentialAction":[{"@type":"ReadAction","target":["https:\/\/www.idfelec.fr\/index.php\/devis-en-ligne\/"]}]},{"@type":"ImageObject","inLanguage":"fr-FR","@id":"https:\/\/www.idfelec.fr\/index.php\/devis-en-ligne\/#primaryimage","url":"https:\/\/www.idfelec.fr\/wp-content\/plugins\/wpforms-lite\/assets\/images\/submit-spin.svg","contentUrl":"https:\/\/www.idfelec.fr\/wp-content\/plugins\/wpforms-lite\/assets\/images\/submit-spin.svg"},{"@type":"BreadcrumbList","@id":"https:\/\/www.idfelec.fr\/index.php\/devis-en-ligne\/#breadcrumb","itemListElement":[{"@type":"ListItem","position":1,"name":"Accueil","item":"https:\/\/www.idfelec.fr\/"},{"@type":"ListItem","position":2,"name":"Demande de Devis"}]},{"@type":"WebSite","@id":"https:\/\/www.idfelec.fr\/#website","url":"https:\/\/www.idfelec.fr\/","name":"IDF ELEC - Electricien | Oise | Somme, Val-d'Oise, \u00cele-de-France","description":"Vos projets sont aussi les n\u00f4tres !","publisher":{"@id":"https:\/\/www.idfelec.fr\/#organization"},"potentialAction":[{"@type":"SearchAction","target":{"@type":"EntryPoint","urlTemplate":"https:\/\/www.idfelec.fr\/?s={search_term_string}"},"query-input":{"@type":"PropertyValueSpecification","valueRequired":true,"valueName":"search_term_string"}}],"inLanguage":"fr-FR"},{"@type":"Organization","@id":"https:\/\/www.idfelec.fr\/#organization","name":"IDF ELEC - Electricien | Oise | Somme, Val-d'Oise, \u00cele-de-France","url":"https:\/\/www.idfelec.fr\/","logo":{"@type":"ImageObject","inLanguage":"fr-FR","@id":"https:\/\/www.idfelec.fr\/#\/schema\/logo\/image\/","url":"https:\/\/www.idfelec.fr\/wp-content\/uploads\/2026\/03\/cropped-idf-elec.png","contentUrl":"https:\/\/www.idfelec.fr\/wp-content\/uploads\/2026\/03\/cropped-idf-elec.png","width":681,"height":115,"caption":"IDF ELEC - Electricien | Oise | Somme, Val-d'Oise, \u00cele-de-France"},"image":{"@id":"https:\/\/www.idfelec.fr\/#\/schema\/logo\/image\/"},"sameAs":["https:\/\/www.instagram.com\/idfelec\/"]}]}},"_links":{"self":[{"href":"https:\/\/www.idfelec.fr\/index.php\/wp-json\/wp\/v2\/pages\/1620","targetHints":{"allow":["GET"]}}],"collection":[{"href":"https:\/\/www.idfelec.fr\/index.php\/wp-json\/wp\/v2\/pages"}],"about":[{"href":"https:\/\/www.idfelec.fr\/index.php\/wp-json\/wp\/v2\/types\/page"}],"author":[{"embeddable":true,"href":"https:\/\/www.idfelec.fr\/index.php\/wp-json\/wp\/v2\/users\/1"}],"replies":[{"embeddable":true,"href":"https:\/\/www.idfelec.fr\/index.php\/wp-json\/wp\/v2\/comments?post=1620"}],"version-history":[{"count":9,"href":"https:\/\/www.idfelec.fr\/index.php\/wp-json\/wp\/v2\/pages\/1620\/revisions"}],"predecessor-version":[{"id":1659,"href":"https:\/\/www.idfelec.fr\/index.php\/wp-json\/wp\/v2\/pages\/1620\/revisions\/1659"}],"wp:attachment":[{"href":"https:\/\/www.idfelec.fr\/index.php\/wp-json\/wp\/v2\/media?parent=1620"}],"curies":[{"name":"wp","href":"https:\/\/api.w.org\/{rel}","templated":true}]}}